{"id":38077,"date":"2023-05-04T10:56:30","date_gmt":"2023-05-04T08:56:30","guid":{"rendered":"https:\/\/mobilidee.ch\/blog\/projet\/des-transports-publics-nocturnes-au-service-des-genevois\/"},"modified":"2023-08-17T15:32:08","modified_gmt":"2023-08-17T13:32:08","slug":"a-night-bus-service-for-geneva","status":"publish","type":"projet","link":"https:\/\/mobilidee.ch\/en\/blog\/projet\/a-night-bus-service-for-geneva\/","title":{"rendered":"A night bus service for Geneva"},"content":{"rendered":"\r\n<h2 class=\"title--after-list title--mb-0 wp-block-heading\">A night bus service for Geneva<\/h2>\r\n<h3>In the early 1990s, the vast majority of public transport services in the Geneva region operated between 5 a.m. and midnight. The service was therefore unavailable after midnight, especially at weekends.<\/h3>\r\n","protected":false},"featured_media":37265,"template":"","project_client":[159],"project_category":[160],"class_list":["post-38077","projet","type-projet","status-publish","has-post-thumbnail","hentry","project_client-transports-publics-genevois-en-2","project_category-conception-de-services-de-mobilite-en"],"acf":[],"yoast_head":"<!-- This site is optimized with the Yoast SEO plugin v27.4 - https:\/\/yoast.com\/product\/yoast-seo-wordpress\/ -->\n<title>A night bus service for Geneva - Mobilid\u00e9e<\/title>\n<meta name=\"robots\" content=\"index, follow, max-snippet:-1, max-image-preview:large, max-video-preview:-1\" \/>\n<link rel=\"canonical\" href=\"https:\/\/mobilidee.ch\/en\/blog\/projet\/a-night-bus-service-for-geneva\/\" \/>\n<meta property=\"og:locale\" content=\"en_US\" \/>\n<meta property=\"og:type\" content=\"article\" \/>\n<meta property=\"og:title\" content=\"A night bus service for Geneva - Mobilid\u00e9e\" \/>\n<meta property=\"og:description\" content=\"A night bus service for Geneva In the early 1990s, the vast majority of public transport services in the Geneva region operated between 5 a.m. and midnight. The service was therefore unavailable after midnight, especially at weekends.\" \/>\n<meta property=\"og:url\" content=\"https:\/\/mobilidee.ch\/en\/blog\/projet\/a-night-bus-service-for-geneva\/\" \/>\n<meta property=\"og:site_name\" content=\"Mobilid\u00e9e\" \/>\n<meta property=\"article:modified_time\" content=\"2023-08-17T13:32:08+00:00\" \/>\n<meta property=\"og:image\" content=\"https:\/\/mobilidee.ch\/wp-content\/uploads\/2023\/05\/projet-noctambus.jpg\" \/>\n\t<meta property=\"og:image:width\" content=\"920\" \/>\n\t<meta property=\"og:image:height\" content=\"540\" \/>\n\t<meta property=\"og:image:type\" content=\"image\/jpeg\" \/>\n<meta name=\"twitter:card\" content=\"summary_large_image\" \/>\n<meta name=\"twitter:label1\" content=\"Est. reading time\" \/>\n\t<meta name=\"twitter:data1\" content=\"1 minute\" \/>\n<script type=\"application\/ld+json\" class=\"yoast-schema-graph\">{\"@context\":\"https:\\\/\\\/schema.org\",\"@graph\":[{\"@type\":\"WebPage\",\"@id\":\"https:\\\/\\\/mobilidee.ch\\\/en\\\/blog\\\/projet\\\/a-night-bus-service-for-geneva\\\/\",\"url\":\"https:\\\/\\\/mobilidee.ch\\\/en\\\/blog\\\/projet\\\/a-night-bus-service-for-geneva\\\/\",\"name\":\"A night bus service for Geneva - Mobilid\u00e9e\",\"isPartOf\":{\"@id\":\"https:\\\/\\\/mobilidee.ch\\\/en\\\/#website\"},\"primaryImageOfPage\":{\"@id\":\"https:\\\/\\\/mobilidee.ch\\\/en\\\/blog\\\/projet\\\/a-night-bus-service-for-geneva\\\/#primaryimage\"},\"image\":{\"@id\":\"https:\\\/\\\/mobilidee.ch\\\/en\\\/blog\\\/projet\\\/a-night-bus-service-for-geneva\\\/#primaryimage\"},\"thumbnailUrl\":\"https:\\\/\\\/mobilidee.ch\\\/wp-content\\\/uploads\\\/2023\\\/05\\\/projet-noctambus.jpg\",\"datePublished\":\"2023-05-04T08:56:30+00:00\",\"dateModified\":\"2023-08-17T13:32:08+00:00\",\"breadcrumb\":{\"@id\":\"https:\\\/\\\/mobilidee.ch\\\/en\\\/blog\\\/projet\\\/a-night-bus-service-for-geneva\\\/#breadcrumb\"},\"inLanguage\":\"en-US\",\"potentialAction\":[{\"@type\":\"ReadAction\",\"target\":[\"https:\\\/\\\/mobilidee.ch\\\/en\\\/blog\\\/projet\\\/a-night-bus-service-for-geneva\\\/\"]}]},{\"@type\":\"ImageObject\",\"inLanguage\":\"en-US\",\"@id\":\"https:\\\/\\\/mobilidee.ch\\\/en\\\/blog\\\/projet\\\/a-night-bus-service-for-geneva\\\/#primaryimage\",\"url\":\"https:\\\/\\\/mobilidee.ch\\\/wp-content\\\/uploads\\\/2023\\\/05\\\/projet-noctambus.jpg\",\"contentUrl\":\"https:\\\/\\\/mobilidee.ch\\\/wp-content\\\/uploads\\\/2023\\\/05\\\/projet-noctambus.jpg\",\"width\":920,\"height\":540},{\"@type\":\"BreadcrumbList\",\"@id\":\"https:\\\/\\\/mobilidee.ch\\\/en\\\/blog\\\/projet\\\/a-night-bus-service-for-geneva\\\/#breadcrumb\",\"itemListElement\":[{\"@type\":\"ListItem\",\"position\":1,\"name\":\"Accueil\",\"item\":\"https:\\\/\\\/mobilidee.ch\\\/en\\\/\"},{\"@type\":\"ListItem\",\"position\":2,\"name\":\"A night bus service for Geneva\"}]},{\"@type\":\"WebSite\",\"@id\":\"https:\\\/\\\/mobilidee.ch\\\/en\\\/#website\",\"url\":\"https:\\\/\\\/mobilidee.ch\\\/en\\\/\",\"name\":\"Mobilid\u00e9e\",\"description\":\"Nous am\u00e9liorons les exp\u00e9riences de mobilit\u00e9 au sein des entreprises, des collectivit\u00e9s, des quartiers et des territoires.\",\"potentialAction\":[{\"@type\":\"SearchAction\",\"target\":{\"@type\":\"EntryPoint\",\"urlTemplate\":\"https:\\\/\\\/mobilidee.ch\\\/en\\\/?s={search_term_string}\"},\"query-input\":{\"@type\":\"PropertyValueSpecification\",\"valueRequired\":true,\"valueName\":\"search_term_string\"}}],\"inLanguage\":\"en-US\"}]}<\/script>\n<!-- \/ Yoast SEO plugin. -->","yoast_head_json":{"title":"A night bus service for Geneva - Mobilid\u00e9e","robots":{"index":"index","follow":"follow","max-snippet":"max-snippet:-1","max-image-preview":"max-image-preview:large","max-video-preview":"max-video-preview:-1"},"canonical":"https:\/\/mobilidee.ch\/en\/blog\/projet\/a-night-bus-service-for-geneva\/","og_locale":"en_US","og_type":"article","og_title":"A night bus service for Geneva - Mobilid\u00e9e","og_description":"A night bus service for Geneva In the early 1990s, the vast majority of public transport services in the Geneva region operated between 5 a.m. and midnight. The service was therefore unavailable after midnight, especially at weekends.","og_url":"https:\/\/mobilidee.ch\/en\/blog\/projet\/a-night-bus-service-for-geneva\/","og_site_name":"Mobilid\u00e9e","article_modified_time":"2023-08-17T13:32:08+00:00","og_image":[{"width":920,"height":540,"url":"https:\/\/mobilidee.ch\/wp-content\/uploads\/2023\/05\/projet-noctambus.jpg","type":"image\/jpeg"}],"twitter_card":"summary_large_image","twitter_misc":{"Est. reading time":"1 minute"},"schema":{"@context":"https:\/\/schema.org","@graph":[{"@type":"WebPage","@id":"https:\/\/mobilidee.ch\/en\/blog\/projet\/a-night-bus-service-for-geneva\/","url":"https:\/\/mobilidee.ch\/en\/blog\/projet\/a-night-bus-service-for-geneva\/","name":"A night bus service for Geneva - Mobilid\u00e9e","isPartOf":{"@id":"https:\/\/mobilidee.ch\/en\/#website"},"primaryImageOfPage":{"@id":"https:\/\/mobilidee.ch\/en\/blog\/projet\/a-night-bus-service-for-geneva\/#primaryimage"},"image":{"@id":"https:\/\/mobilidee.ch\/en\/blog\/projet\/a-night-bus-service-for-geneva\/#primaryimage"},"thumbnailUrl":"https:\/\/mobilidee.ch\/wp-content\/uploads\/2023\/05\/projet-noctambus.jpg","datePublished":"2023-05-04T08:56:30+00:00","dateModified":"2023-08-17T13:32:08+00:00","breadcrumb":{"@id":"https:\/\/mobilidee.ch\/en\/blog\/projet\/a-night-bus-service-for-geneva\/#breadcrumb"},"inLanguage":"en-US","potentialAction":[{"@type":"ReadAction","target":["https:\/\/mobilidee.ch\/en\/blog\/projet\/a-night-bus-service-for-geneva\/"]}]},{"@type":"ImageObject","inLanguage":"en-US","@id":"https:\/\/mobilidee.ch\/en\/blog\/projet\/a-night-bus-service-for-geneva\/#primaryimage","url":"https:\/\/mobilidee.ch\/wp-content\/uploads\/2023\/05\/projet-noctambus.jpg","contentUrl":"https:\/\/mobilidee.ch\/wp-content\/uploads\/2023\/05\/projet-noctambus.jpg","width":920,"height":540},{"@type":"BreadcrumbList","@id":"https:\/\/mobilidee.ch\/en\/blog\/projet\/a-night-bus-service-for-geneva\/#breadcrumb","itemListElement":[{"@type":"ListItem","position":1,"name":"Accueil","item":"https:\/\/mobilidee.ch\/en\/"},{"@type":"ListItem","position":2,"name":"A night bus service for Geneva"}]},{"@type":"WebSite","@id":"https:\/\/mobilidee.ch\/en\/#website","url":"https:\/\/mobilidee.ch\/en\/","name":"Mobilid\u00e9e","description":"Nous am\u00e9liorons les exp\u00e9riences de mobilit\u00e9 au sein des entreprises, des collectivit\u00e9s, des quartiers et des territoires.","potentialAction":[{"@type":"SearchAction","target":{"@type":"EntryPoint","urlTemplate":"https:\/\/mobilidee.ch\/en\/?s={search_term_string}"},"query-input":{"@type":"PropertyValueSpecification","valueRequired":true,"valueName":"search_term_string"}}],"inLanguage":"en-US"}]}},"_links":{"self":[{"href":"https:\/\/mobilidee.ch\/en\/wp-json\/wp\/v2\/projet\/38077","targetHints":{"allow":["GET"]}}],"collection":[{"href":"https:\/\/mobilidee.ch\/en\/wp-json\/wp\/v2\/projet"}],"about":[{"href":"https:\/\/mobilidee.ch\/en\/wp-json\/wp\/v2\/types\/projet"}],"wp:featuredmedia":[{"embeddable":true,"href":"https:\/\/mobilidee.ch\/en\/wp-json\/wp\/v2\/media\/37265"}],"wp:attachment":[{"href":"https:\/\/mobilidee.ch\/en\/wp-json\/wp\/v2\/media?parent=38077"}],"wp:term":[{"taxonomy":"project_client","embeddable":true,"href":"https:\/\/mobilidee.ch\/en\/wp-json\/wp\/v2\/project_client?post=38077"},{"taxonomy":"project_category","embeddable":true,"href":"https:\/\/mobilidee.ch\/en\/wp-json\/wp\/v2\/project_category?post=38077"}],"curies":[{"name":"wp","href":"https:\/\/api.w.org\/{rel}","templated":true}]}}

<!-- This site is optimized with the Yoast SEO plugin v27.4 - https://yoast.com/product/yoast-seo-wordpress/ -->
<title>A night bus service for Geneva - Mobilidée</title>
<meta name="robots" content="index, follow, max-snippet:-1, max-image-preview:large, max-video-preview:-1" />
<link rel="canonical" href="https://mobilidee.ch/en/blog/projet/a-night-bus-service-for-geneva/" />
<meta property="og:locale" content="en_US" />
<meta property="og:type" content="article" />
<meta property="og:title" content="A night bus service for Geneva - Mobilidée" />
<meta property="og:description" content="A night bus service for Geneva In the early 1990s, the vast majority of public transport services in the Geneva region operated between 5 a.m. and midnight. The service was therefore unavailable after midnight, especially at weekends." />
<meta property="og:url" content="https://mobilidee.ch/en/blog/projet/a-night-bus-service-for-geneva/" />
<meta property="og:site_name" content="Mobilidée" />
<meta property="article:modified_time" content="2023-08-17T13:32:08+00:00" />
<meta property="og:image" content="https://mobilidee.ch/wp-content/uploads/2023/05/projet-noctambus.jpg" />
	<meta property="og:image:width" content="920" />
	<meta property="og:image:height" content="540" />
	<meta property="og:image:type" content="image/jpeg" />
<meta name="twitter:card" content="summary_large_image" />
<meta name="twitter:label1" content="Est. reading time" />
	<meta name="twitter:data1" content="1 minute" />
<script type="application/ld+json" class="yoast-schema-graph">{"@context":"https:\/\/schema.org","@graph":[{"@type":"WebPage","@id":"https:\/\/mobilidee.ch\/en\/blog\/projet\/a-night-bus-service-for-geneva\/","url":"https:\/\/mobilidee.ch\/en\/blog\/projet\/a-night-bus-service-for-geneva\/","name":"A night bus service for Geneva - Mobilidée","isPartOf":{"@id":"https:\/\/mobilidee.ch\/en\/#website"},"primaryImageOfPage":{"@id":"https:\/\/mobilidee.ch\/en\/blog\/projet\/a-night-bus-service-for-geneva\/#primaryimage"},"image":{"@id":"https:\/\/mobilidee.ch\/en\/blog\/projet\/a-night-bus-service-for-geneva\/#primaryimage"},"thumbnailUrl":"https:\/\/mobilidee.ch\/wp-content\/uploads\/2023\/05\/projet-noctambus.jpg","datePublished":"2023-05-04T08:56:30+00:00","dateModified":"2023-08-17T13:32:08+00:00","breadcrumb":{"@id":"https:\/\/mobilidee.ch\/en\/blog\/projet\/a-night-bus-service-for-geneva\/#breadcrumb"},"inLanguage":"en-US","potentialAction":[{"@type":"ReadAction","target":["https:\/\/mobilidee.ch\/en\/blog\/projet\/a-night-bus-service-for-geneva\/"]}]},{"@type":"ImageObject","inLanguage":"en-US","@id":"https:\/\/mobilidee.ch\/en\/blog\/projet\/a-night-bus-service-for-geneva\/#primaryimage","url":"https:\/\/mobilidee.ch\/wp-content\/uploads\/2023\/05\/projet-noctambus.jpg","contentUrl":"https:\/\/mobilidee.ch\/wp-content\/uploads\/2023\/05\/projet-noctambus.jpg","width":920,"height":540},{"@type":"BreadcrumbList","@id":"https:\/\/mobilidee.ch\/en\/blog\/projet\/a-night-bus-service-for-geneva\/#breadcrumb","itemListElement":[{"@type":"ListItem","position":1,"name":"Accueil","item":"https:\/\/mobilidee.ch\/en\/"},{"@type":"ListItem","position":2,"name":"A night bus service for Geneva"}]},{"@type":"WebSite","@id":"https:\/\/mobilidee.ch\/en\/#website","url":"https:\/\/mobilidee.ch\/en\/","name":"Mobilidée","description":"Nous améliorons les expériences de mobilité au sein des entreprises, des collectivités, des quartiers et des territoires.","potentialAction":[{"@type":"SearchAction","target":{"@type":"EntryPoint","urlTemplate":"https:\/\/mobilidee.ch\/en\/?s={search_term_string}"},"query-input":{"@type":"PropertyValueSpecification","valueRequired":true,"valueName":"search_term_string"}}],"inLanguage":"en-US"}]}</script>
<!-- / Yoast SEO plugin. -->

A night bus service for Geneva - Mobilidée

Mobilidée

Nous améliorons les expériences de mobilité au sein des entreprises, des collectivités, des quartiers et des territoires.
