{"id":38075,"date":"2023-05-04T11:08:07","date_gmt":"2023-05-04T09:08:07","guid":{"rendered":"https:\/\/mobilidee.ch\/blog\/projet\/le-diagnostic-cyclable-le-point-de-depart-pour-faire-evoluer-les-pratiques\/"},"modified":"2023-08-17T11:58:45","modified_gmt":"2023-08-17T09:58:45","slug":"cycling-diagnostic-the-starting-point-for-changing-pratices","status":"publish","type":"projet","link":"https:\/\/mobilidee.ch\/en\/blog\/projet\/cycling-diagnostic-the-starting-point-for-changing-pratices\/","title":{"rendered":"Cycling diagnostic &#8211; the starting point for changing practices"},"content":{"rendered":"\r\n<h2 class=\"title--after-list title--mb-0 wp-block-heading\">Cycling diagnostic &#8211; the starting point for changing practices<\/h2>\r\n<h3>Since it passed the 20,000 inhabitants mark, the City of Carouge has intensified its thinking on mobility. To this end, it has carried out a large number of improvements and is constantly developing its range of services to promote soft mobility..<\/h3>\r\n","protected":false},"featured_media":37247,"template":"","project_client":[157],"project_category":[158],"class_list":["post-38075","projet","type-projet","status-publish","has-post-thumbnail","hentry","project_client-ville-de-carouge-en-2","project_category-audit-de-cyclabilite-en"],"acf":[],"yoast_head":"<!-- This site is optimized with the Yoast SEO plugin v27.4 - https:\/\/yoast.com\/product\/yoast-seo-wordpress\/ -->\n<title>Cycling diagnostic - the starting point for changing practices - Mobilid\u00e9e<\/title>\n<meta name=\"robots\" content=\"index, follow, max-snippet:-1, max-image-preview:large, max-video-preview:-1\" \/>\n<link rel=\"canonical\" href=\"https:\/\/mobilidee.ch\/en\/blog\/projet\/cycling-diagnostic-the-starting-point-for-changing-pratices\/\" \/>\n<meta property=\"og:locale\" content=\"en_US\" \/>\n<meta property=\"og:type\" content=\"article\" \/>\n<meta property=\"og:title\" content=\"Cycling diagnostic - the starting point for changing practices - Mobilid\u00e9e\" \/>\n<meta property=\"og:description\" content=\"Cycling diagnostic &#8211; the starting point for changing practices Since it passed the 20,000 inhabitants mark, the City of Carouge has intensified its thinking on mobility. To this end, it has carried out a large number of improvements and is constantly developing its range of services to promote soft mobility..\" \/>\n<meta property=\"og:url\" content=\"https:\/\/mobilidee.ch\/en\/blog\/projet\/cycling-diagnostic-the-starting-point-for-changing-pratices\/\" \/>\n<meta property=\"og:site_name\" content=\"Mobilid\u00e9e\" \/>\n<meta property=\"article:modified_time\" content=\"2023-08-17T09:58:45+00:00\" \/>\n<meta property=\"og:image\" content=\"https:\/\/mobilidee.ch\/wp-content\/uploads\/2023\/05\/projet-diagnostic-carouge.jpg\" \/>\n\t<meta property=\"og:image:width\" content=\"920\" \/>\n\t<meta property=\"og:image:height\" content=\"540\" \/>\n\t<meta property=\"og:image:type\" content=\"image\/jpeg\" \/>\n<meta name=\"twitter:card\" content=\"summary_large_image\" \/>\n<meta name=\"twitter:label1\" content=\"Est. reading time\" \/>\n\t<meta name=\"twitter:data1\" content=\"1 minute\" \/>\n<script type=\"application\/ld+json\" class=\"yoast-schema-graph\">{\"@context\":\"https:\\\/\\\/schema.org\",\"@graph\":[{\"@type\":\"WebPage\",\"@id\":\"https:\\\/\\\/mobilidee.ch\\\/en\\\/blog\\\/projet\\\/cycling-diagnostic-the-starting-point-for-changing-pratices\\\/\",\"url\":\"https:\\\/\\\/mobilidee.ch\\\/en\\\/blog\\\/projet\\\/cycling-diagnostic-the-starting-point-for-changing-pratices\\\/\",\"name\":\"Cycling diagnostic - the starting point for changing practices - Mobilid\u00e9e\",\"isPartOf\":{\"@id\":\"https:\\\/\\\/mobilidee.ch\\\/en\\\/#website\"},\"primaryImageOfPage\":{\"@id\":\"https:\\\/\\\/mobilidee.ch\\\/en\\\/blog\\\/projet\\\/cycling-diagnostic-the-starting-point-for-changing-pratices\\\/#primaryimage\"},\"image\":{\"@id\":\"https:\\\/\\\/mobilidee.ch\\\/en\\\/blog\\\/projet\\\/cycling-diagnostic-the-starting-point-for-changing-pratices\\\/#primaryimage\"},\"thumbnailUrl\":\"https:\\\/\\\/mobilidee.ch\\\/wp-content\\\/uploads\\\/2023\\\/05\\\/projet-diagnostic-carouge.jpg\",\"datePublished\":\"2023-05-04T09:08:07+00:00\",\"dateModified\":\"2023-08-17T09:58:45+00:00\",\"breadcrumb\":{\"@id\":\"https:\\\/\\\/mobilidee.ch\\\/en\\\/blog\\\/projet\\\/cycling-diagnostic-the-starting-point-for-changing-pratices\\\/#breadcrumb\"},\"inLanguage\":\"en-US\",\"potentialAction\":[{\"@type\":\"ReadAction\",\"target\":[\"https:\\\/\\\/mobilidee.ch\\\/en\\\/blog\\\/projet\\\/cycling-diagnostic-the-starting-point-for-changing-pratices\\\/\"]}]},{\"@type\":\"ImageObject\",\"inLanguage\":\"en-US\",\"@id\":\"https:\\\/\\\/mobilidee.ch\\\/en\\\/blog\\\/projet\\\/cycling-diagnostic-the-starting-point-for-changing-pratices\\\/#primaryimage\",\"url\":\"https:\\\/\\\/mobilidee.ch\\\/wp-content\\\/uploads\\\/2023\\\/05\\\/projet-diagnostic-carouge.jpg\",\"contentUrl\":\"https:\\\/\\\/mobilidee.ch\\\/wp-content\\\/uploads\\\/2023\\\/05\\\/projet-diagnostic-carouge.jpg\",\"width\":920,\"height\":540},{\"@type\":\"BreadcrumbList\",\"@id\":\"https:\\\/\\\/mobilidee.ch\\\/en\\\/blog\\\/projet\\\/cycling-diagnostic-the-starting-point-for-changing-pratices\\\/#breadcrumb\",\"itemListElement\":[{\"@type\":\"ListItem\",\"position\":1,\"name\":\"Accueil\",\"item\":\"https:\\\/\\\/mobilidee.ch\\\/en\\\/\"},{\"@type\":\"ListItem\",\"position\":2,\"name\":\"Cycling diagnostic &#8211; the starting point for changing practices\"}]},{\"@type\":\"WebSite\",\"@id\":\"https:\\\/\\\/mobilidee.ch\\\/en\\\/#website\",\"url\":\"https:\\\/\\\/mobilidee.ch\\\/en\\\/\",\"name\":\"Mobilid\u00e9e\",\"description\":\"Nous am\u00e9liorons les exp\u00e9riences de mobilit\u00e9 au sein des entreprises, des collectivit\u00e9s, des quartiers et des territoires.\",\"potentialAction\":[{\"@type\":\"SearchAction\",\"target\":{\"@type\":\"EntryPoint\",\"urlTemplate\":\"https:\\\/\\\/mobilidee.ch\\\/en\\\/?s={search_term_string}\"},\"query-input\":{\"@type\":\"PropertyValueSpecification\",\"valueRequired\":true,\"valueName\":\"search_term_string\"}}],\"inLanguage\":\"en-US\"}]}<\/script>\n<!-- \/ Yoast SEO plugin. -->","yoast_head_json":{"title":"Cycling diagnostic - the starting point for changing practices - Mobilid\u00e9e","robots":{"index":"index","follow":"follow","max-snippet":"max-snippet:-1","max-image-preview":"max-image-preview:large","max-video-preview":"max-video-preview:-1"},"canonical":"https:\/\/mobilidee.ch\/en\/blog\/projet\/cycling-diagnostic-the-starting-point-for-changing-pratices\/","og_locale":"en_US","og_type":"article","og_title":"Cycling diagnostic - the starting point for changing practices - Mobilid\u00e9e","og_description":"Cycling diagnostic &#8211; the starting point for changing practices Since it passed the 20,000 inhabitants mark, the City of Carouge has intensified its thinking on mobility. To this end, it has carried out a large number of improvements and is constantly developing its range of services to promote soft mobility..","og_url":"https:\/\/mobilidee.ch\/en\/blog\/projet\/cycling-diagnostic-the-starting-point-for-changing-pratices\/","og_site_name":"Mobilid\u00e9e","article_modified_time":"2023-08-17T09:58:45+00:00","og_image":[{"width":920,"height":540,"url":"https:\/\/mobilidee.ch\/wp-content\/uploads\/2023\/05\/projet-diagnostic-carouge.jpg","type":"image\/jpeg"}],"twitter_card":"summary_large_image","twitter_misc":{"Est. reading time":"1 minute"},"schema":{"@context":"https:\/\/schema.org","@graph":[{"@type":"WebPage","@id":"https:\/\/mobilidee.ch\/en\/blog\/projet\/cycling-diagnostic-the-starting-point-for-changing-pratices\/","url":"https:\/\/mobilidee.ch\/en\/blog\/projet\/cycling-diagnostic-the-starting-point-for-changing-pratices\/","name":"Cycling diagnostic - the starting point for changing practices - Mobilid\u00e9e","isPartOf":{"@id":"https:\/\/mobilidee.ch\/en\/#website"},"primaryImageOfPage":{"@id":"https:\/\/mobilidee.ch\/en\/blog\/projet\/cycling-diagnostic-the-starting-point-for-changing-pratices\/#primaryimage"},"image":{"@id":"https:\/\/mobilidee.ch\/en\/blog\/projet\/cycling-diagnostic-the-starting-point-for-changing-pratices\/#primaryimage"},"thumbnailUrl":"https:\/\/mobilidee.ch\/wp-content\/uploads\/2023\/05\/projet-diagnostic-carouge.jpg","datePublished":"2023-05-04T09:08:07+00:00","dateModified":"2023-08-17T09:58:45+00:00","breadcrumb":{"@id":"https:\/\/mobilidee.ch\/en\/blog\/projet\/cycling-diagnostic-the-starting-point-for-changing-pratices\/#breadcrumb"},"inLanguage":"en-US","potentialAction":[{"@type":"ReadAction","target":["https:\/\/mobilidee.ch\/en\/blog\/projet\/cycling-diagnostic-the-starting-point-for-changing-pratices\/"]}]},{"@type":"ImageObject","inLanguage":"en-US","@id":"https:\/\/mobilidee.ch\/en\/blog\/projet\/cycling-diagnostic-the-starting-point-for-changing-pratices\/#primaryimage","url":"https:\/\/mobilidee.ch\/wp-content\/uploads\/2023\/05\/projet-diagnostic-carouge.jpg","contentUrl":"https:\/\/mobilidee.ch\/wp-content\/uploads\/2023\/05\/projet-diagnostic-carouge.jpg","width":920,"height":540},{"@type":"BreadcrumbList","@id":"https:\/\/mobilidee.ch\/en\/blog\/projet\/cycling-diagnostic-the-starting-point-for-changing-pratices\/#breadcrumb","itemListElement":[{"@type":"ListItem","position":1,"name":"Accueil","item":"https:\/\/mobilidee.ch\/en\/"},{"@type":"ListItem","position":2,"name":"Cycling diagnostic &#8211; the starting point for changing practices"}]},{"@type":"WebSite","@id":"https:\/\/mobilidee.ch\/en\/#website","url":"https:\/\/mobilidee.ch\/en\/","name":"Mobilid\u00e9e","description":"Nous am\u00e9liorons les exp\u00e9riences de mobilit\u00e9 au sein des entreprises, des collectivit\u00e9s, des quartiers et des territoires.","potentialAction":[{"@type":"SearchAction","target":{"@type":"EntryPoint","urlTemplate":"https:\/\/mobilidee.ch\/en\/?s={search_term_string}"},"query-input":{"@type":"PropertyValueSpecification","valueRequired":true,"valueName":"search_term_string"}}],"inLanguage":"en-US"}]}},"_links":{"self":[{"href":"https:\/\/mobilidee.ch\/en\/wp-json\/wp\/v2\/projet\/38075","targetHints":{"allow":["GET"]}}],"collection":[{"href":"https:\/\/mobilidee.ch\/en\/wp-json\/wp\/v2\/projet"}],"about":[{"href":"https:\/\/mobilidee.ch\/en\/wp-json\/wp\/v2\/types\/projet"}],"wp:featuredmedia":[{"embeddable":true,"href":"https:\/\/mobilidee.ch\/en\/wp-json\/wp\/v2\/media\/37247"}],"wp:attachment":[{"href":"https:\/\/mobilidee.ch\/en\/wp-json\/wp\/v2\/media?parent=38075"}],"wp:term":[{"taxonomy":"project_client","embeddable":true,"href":"https:\/\/mobilidee.ch\/en\/wp-json\/wp\/v2\/project_client?post=38075"},{"taxonomy":"project_category","embeddable":true,"href":"https:\/\/mobilidee.ch\/en\/wp-json\/wp\/v2\/project_category?post=38075"}],"curies":[{"name":"wp","href":"https:\/\/api.w.org\/{rel}","templated":true}]}}

<!-- This site is optimized with the Yoast SEO plugin v27.4 - https://yoast.com/product/yoast-seo-wordpress/ -->
<title>Cycling diagnostic - the starting point for changing practices - Mobilidée</title>
<meta name="robots" content="index, follow, max-snippet:-1, max-image-preview:large, max-video-preview:-1" />
<link rel="canonical" href="https://mobilidee.ch/en/blog/projet/cycling-diagnostic-the-starting-point-for-changing-pratices/" />
<meta property="og:locale" content="en_US" />
<meta property="og:type" content="article" />
<meta property="og:title" content="Cycling diagnostic - the starting point for changing practices - Mobilidée" />
<meta property="og:description" content="Cycling diagnostic &#8211; the starting point for changing practices Since it passed the 20,000 inhabitants mark, the City of Carouge has intensified its thinking on mobility. To this end, it has carried out a large number of improvements and is constantly developing its range of services to promote soft mobility.." />
<meta property="og:url" content="https://mobilidee.ch/en/blog/projet/cycling-diagnostic-the-starting-point-for-changing-pratices/" />
<meta property="og:site_name" content="Mobilidée" />
<meta property="article:modified_time" content="2023-08-17T09:58:45+00:00" />
<meta property="og:image" content="https://mobilidee.ch/wp-content/uploads/2023/05/projet-diagnostic-carouge.jpg" />
	<meta property="og:image:width" content="920" />
	<meta property="og:image:height" content="540" />
	<meta property="og:image:type" content="image/jpeg" />
<meta name="twitter:card" content="summary_large_image" />
<meta name="twitter:label1" content="Est. reading time" />
	<meta name="twitter:data1" content="1 minute" />
<script type="application/ld+json" class="yoast-schema-graph">{"@context":"https:\/\/schema.org","@graph":[{"@type":"WebPage","@id":"https:\/\/mobilidee.ch\/en\/blog\/projet\/cycling-diagnostic-the-starting-point-for-changing-pratices\/","url":"https:\/\/mobilidee.ch\/en\/blog\/projet\/cycling-diagnostic-the-starting-point-for-changing-pratices\/","name":"Cycling diagnostic - the starting point for changing practices - Mobilidée","isPartOf":{"@id":"https:\/\/mobilidee.ch\/en\/#website"},"primaryImageOfPage":{"@id":"https:\/\/mobilidee.ch\/en\/blog\/projet\/cycling-diagnostic-the-starting-point-for-changing-pratices\/#primaryimage"},"image":{"@id":"https:\/\/mobilidee.ch\/en\/blog\/projet\/cycling-diagnostic-the-starting-point-for-changing-pratices\/#primaryimage"},"thumbnailUrl":"https:\/\/mobilidee.ch\/wp-content\/uploads\/2023\/05\/projet-diagnostic-carouge.jpg","datePublished":"2023-05-04T09:08:07+00:00","dateModified":"2023-08-17T09:58:45+00:00","breadcrumb":{"@id":"https:\/\/mobilidee.ch\/en\/blog\/projet\/cycling-diagnostic-the-starting-point-for-changing-pratices\/#breadcrumb"},"inLanguage":"en-US","potentialAction":[{"@type":"ReadAction","target":["https:\/\/mobilidee.ch\/en\/blog\/projet\/cycling-diagnostic-the-starting-point-for-changing-pratices\/"]}]},{"@type":"ImageObject","inLanguage":"en-US","@id":"https:\/\/mobilidee.ch\/en\/blog\/projet\/cycling-diagnostic-the-starting-point-for-changing-pratices\/#primaryimage","url":"https:\/\/mobilidee.ch\/wp-content\/uploads\/2023\/05\/projet-diagnostic-carouge.jpg","contentUrl":"https:\/\/mobilidee.ch\/wp-content\/uploads\/2023\/05\/projet-diagnostic-carouge.jpg","width":920,"height":540},{"@type":"BreadcrumbList","@id":"https:\/\/mobilidee.ch\/en\/blog\/projet\/cycling-diagnostic-the-starting-point-for-changing-pratices\/#breadcrumb","itemListElement":[{"@type":"ListItem","position":1,"name":"Accueil","item":"https:\/\/mobilidee.ch\/en\/"},{"@type":"ListItem","position":2,"name":"Cycling diagnostic &#8211; the starting point for changing practices"}]},{"@type":"WebSite","@id":"https:\/\/mobilidee.ch\/en\/#website","url":"https:\/\/mobilidee.ch\/en\/","name":"Mobilidée","description":"Nous améliorons les expériences de mobilité au sein des entreprises, des collectivités, des quartiers et des territoires.","potentialAction":[{"@type":"SearchAction","target":{"@type":"EntryPoint","urlTemplate":"https:\/\/mobilidee.ch\/en\/?s={search_term_string}"},"query-input":{"@type":"PropertyValueSpecification","valueRequired":true,"valueName":"search_term_string"}}],"inLanguage":"en-US"}]}</script>
<!-- / Yoast SEO plugin. -->

Cycling diagnostic - the starting point for changing practices - Mobilidée

Mobilidée

Nous améliorons les expériences de mobilité au sein des entreprises, des collectivités, des quartiers et des territoires.
