{"id":37456,"date":"2022-12-02T16:43:25","date_gmt":"2022-12-02T15:43:25","guid":{"rendered":"https:\/\/mobilidee.ch\/who-are-we\/"},"modified":"2023-08-16T09:27:43","modified_gmt":"2023-08-16T07:27:43","slug":"who-are-we","status":"publish","type":"page","link":"https:\/\/mobilidee.ch\/en\/who-are-we\/","title":{"rendered":"Who are we?"},"content":{"rendered":"","protected":false},"excerpt":{"rendered":"","protected":false},"author":17,"featured_media":0,"parent":0,"menu_order":0,"comment_status":"closed","ping_status":"closed","template":"template-qui-sommes-nous.php","meta":{"_acf_changed":false,"inline_featured_image":false,"footnotes":""},"class_list":["post-37456","page","type-page","status-publish","hentry"],"acf":[],"yoast_head":"<!-- This site is optimized with the Yoast SEO plugin v27.4 - https:\/\/yoast.com\/product\/yoast-seo-wordpress\/ -->\n<title>Mobilid\u00e9e | Who are we?<\/title>\n<meta name=\"description\" content=\"Find out more about our activities, our values, our history and our commitments to our customers and employees.\" \/>\n<meta name=\"robots\" content=\"index, follow, max-snippet:-1, max-image-preview:large, max-video-preview:-1\" \/>\n<link rel=\"canonical\" href=\"https:\/\/mobilidee.ch\/en\/who-are-we\/\" \/>\n<meta property=\"og:locale\" content=\"en_US\" \/>\n<meta property=\"og:type\" content=\"article\" \/>\n<meta property=\"og:title\" content=\"Mobilid\u00e9e | Who are we?\" \/>\n<meta property=\"og:description\" content=\"Find out more about our activities, our values, our history and our commitments to our customers and employees.\" \/>\n<meta property=\"og:url\" content=\"https:\/\/mobilidee.ch\/en\/who-are-we\/\" \/>\n<meta property=\"og:site_name\" content=\"Mobilid\u00e9e\" \/>\n<meta property=\"article:modified_time\" content=\"2023-08-16T07:27:43+00:00\" \/>\n<meta name=\"twitter:card\" content=\"summary_large_image\" \/>\n<script type=\"application\/ld+json\" class=\"yoast-schema-graph\">{\"@context\":\"https:\\\/\\\/schema.org\",\"@graph\":[{\"@type\":\"WebPage\",\"@id\":\"https:\\\/\\\/mobilidee.ch\\\/en\\\/who-are-we\\\/\",\"url\":\"https:\\\/\\\/mobilidee.ch\\\/en\\\/who-are-we\\\/\",\"name\":\"Mobilid\u00e9e | Who are we?\",\"isPartOf\":{\"@id\":\"https:\\\/\\\/mobilidee.ch\\\/en\\\/#website\"},\"datePublished\":\"2022-12-02T15:43:25+00:00\",\"dateModified\":\"2023-08-16T07:27:43+00:00\",\"description\":\"Find out more about our activities, our values, our history and our commitments to our customers and employees.\",\"breadcrumb\":{\"@id\":\"https:\\\/\\\/mobilidee.ch\\\/en\\\/who-are-we\\\/#breadcrumb\"},\"inLanguage\":\"en-US\",\"potentialAction\":[{\"@type\":\"ReadAction\",\"target\":[\"https:\\\/\\\/mobilidee.ch\\\/en\\\/who-are-we\\\/\"]}]},{\"@type\":\"BreadcrumbList\",\"@id\":\"https:\\\/\\\/mobilidee.ch\\\/en\\\/who-are-we\\\/#breadcrumb\",\"itemListElement\":[{\"@type\":\"ListItem\",\"position\":1,\"name\":\"Accueil\",\"item\":\"https:\\\/\\\/mobilidee.ch\\\/en\\\/\"},{\"@type\":\"ListItem\",\"position\":2,\"name\":\"Who are we?\"}]},{\"@type\":\"WebSite\",\"@id\":\"https:\\\/\\\/mobilidee.ch\\\/en\\\/#website\",\"url\":\"https:\\\/\\\/mobilidee.ch\\\/en\\\/\",\"name\":\"Mobilid\u00e9e\",\"description\":\"Nous am\u00e9liorons les exp\u00e9riences de mobilit\u00e9 au sein des entreprises, des collectivit\u00e9s, des quartiers et des territoires.\",\"potentialAction\":[{\"@type\":\"SearchAction\",\"target\":{\"@type\":\"EntryPoint\",\"urlTemplate\":\"https:\\\/\\\/mobilidee.ch\\\/en\\\/?s={search_term_string}\"},\"query-input\":{\"@type\":\"PropertyValueSpecification\",\"valueRequired\":true,\"valueName\":\"search_term_string\"}}],\"inLanguage\":\"en-US\"}]}<\/script>\n<!-- \/ Yoast SEO plugin. -->","yoast_head_json":{"title":"Mobilid\u00e9e | Who are we?","description":"Find out more about our activities, our values, our history and our commitments to our customers and employees.","robots":{"index":"index","follow":"follow","max-snippet":"max-snippet:-1","max-image-preview":"max-image-preview:large","max-video-preview":"max-video-preview:-1"},"canonical":"https:\/\/mobilidee.ch\/en\/who-are-we\/","og_locale":"en_US","og_type":"article","og_title":"Mobilid\u00e9e | Who are we?","og_description":"Find out more about our activities, our values, our history and our commitments to our customers and employees.","og_url":"https:\/\/mobilidee.ch\/en\/who-are-we\/","og_site_name":"Mobilid\u00e9e","article_modified_time":"2023-08-16T07:27:43+00:00","twitter_card":"summary_large_image","schema":{"@context":"https:\/\/schema.org","@graph":[{"@type":"WebPage","@id":"https:\/\/mobilidee.ch\/en\/who-are-we\/","url":"https:\/\/mobilidee.ch\/en\/who-are-we\/","name":"Mobilid\u00e9e | Who are we?","isPartOf":{"@id":"https:\/\/mobilidee.ch\/en\/#website"},"datePublished":"2022-12-02T15:43:25+00:00","dateModified":"2023-08-16T07:27:43+00:00","description":"Find out more about our activities, our values, our history and our commitments to our customers and employees.","breadcrumb":{"@id":"https:\/\/mobilidee.ch\/en\/who-are-we\/#breadcrumb"},"inLanguage":"en-US","potentialAction":[{"@type":"ReadAction","target":["https:\/\/mobilidee.ch\/en\/who-are-we\/"]}]},{"@type":"BreadcrumbList","@id":"https:\/\/mobilidee.ch\/en\/who-are-we\/#breadcrumb","itemListElement":[{"@type":"ListItem","position":1,"name":"Accueil","item":"https:\/\/mobilidee.ch\/en\/"},{"@type":"ListItem","position":2,"name":"Who are we?"}]},{"@type":"WebSite","@id":"https:\/\/mobilidee.ch\/en\/#website","url":"https:\/\/mobilidee.ch\/en\/","name":"Mobilid\u00e9e","description":"Nous am\u00e9liorons les exp\u00e9riences de mobilit\u00e9 au sein des entreprises, des collectivit\u00e9s, des quartiers et des territoires.","potentialAction":[{"@type":"SearchAction","target":{"@type":"EntryPoint","urlTemplate":"https:\/\/mobilidee.ch\/en\/?s={search_term_string}"},"query-input":{"@type":"PropertyValueSpecification","valueRequired":true,"valueName":"search_term_string"}}],"inLanguage":"en-US"}]}},"_links":{"self":[{"href":"https:\/\/mobilidee.ch\/en\/wp-json\/wp\/v2\/pages\/37456","targetHints":{"allow":["GET"]}}],"collection":[{"href":"https:\/\/mobilidee.ch\/en\/wp-json\/wp\/v2\/pages"}],"about":[{"href":"https:\/\/mobilidee.ch\/en\/wp-json\/wp\/v2\/types\/page"}],"author":[{"embeddable":true,"href":"https:\/\/mobilidee.ch\/en\/wp-json\/wp\/v2\/users\/17"}],"replies":[{"embeddable":true,"href":"https:\/\/mobilidee.ch\/en\/wp-json\/wp\/v2\/comments?post=37456"}],"version-history":[{"count":2,"href":"https:\/\/mobilidee.ch\/en\/wp-json\/wp\/v2\/pages\/37456\/revisions"}],"predecessor-version":[{"id":38060,"href":"https:\/\/mobilidee.ch\/en\/wp-json\/wp\/v2\/pages\/37456\/revisions\/38060"}],"wp:attachment":[{"href":"https:\/\/mobilidee.ch\/en\/wp-json\/wp\/v2\/media?parent=37456"}],"curies":[{"name":"wp","href":"https:\/\/api.w.org\/{rel}","templated":true}]}}

<!-- This site is optimized with the Yoast SEO plugin v27.4 - https://yoast.com/product/yoast-seo-wordpress/ -->
<title>Mobilidée | Who are we?</title>
<meta name="description" content="Find out more about our activities, our values, our history and our commitments to our customers and employees." />
<meta name="robots" content="index, follow, max-snippet:-1, max-image-preview:large, max-video-preview:-1" />
<link rel="canonical" href="https://mobilidee.ch/en/who-are-we/" />
<meta property="og:locale" content="en_US" />
<meta property="og:type" content="article" />
<meta property="og:title" content="Mobilidée | Who are we?" />
<meta property="og:description" content="Find out more about our activities, our values, our history and our commitments to our customers and employees." />
<meta property="og:url" content="https://mobilidee.ch/en/who-are-we/" />
<meta property="og:site_name" content="Mobilidée" />
<meta property="article:modified_time" content="2023-08-16T07:27:43+00:00" />
<meta name="twitter:card" content="summary_large_image" />
<script type="application/ld+json" class="yoast-schema-graph">{"@context":"https:\/\/schema.org","@graph":[{"@type":"WebPage","@id":"https:\/\/mobilidee.ch\/en\/who-are-we\/","url":"https:\/\/mobilidee.ch\/en\/who-are-we\/","name":"Mobilidée | Who are we?","isPartOf":{"@id":"https:\/\/mobilidee.ch\/en\/#website"},"datePublished":"2022-12-02T15:43:25+00:00","dateModified":"2023-08-16T07:27:43+00:00","description":"Find out more about our activities, our values, our history and our commitments to our customers and employees.","breadcrumb":{"@id":"https:\/\/mobilidee.ch\/en\/who-are-we\/#breadcrumb"},"inLanguage":"en-US","potentialAction":[{"@type":"ReadAction","target":["https:\/\/mobilidee.ch\/en\/who-are-we\/"]}]},{"@type":"BreadcrumbList","@id":"https:\/\/mobilidee.ch\/en\/who-are-we\/#breadcrumb","itemListElement":[{"@type":"ListItem","position":1,"name":"Accueil","item":"https:\/\/mobilidee.ch\/en\/"},{"@type":"ListItem","position":2,"name":"Who are we?"}]},{"@type":"WebSite","@id":"https:\/\/mobilidee.ch\/en\/#website","url":"https:\/\/mobilidee.ch\/en\/","name":"Mobilidée","description":"Nous améliorons les expériences de mobilité au sein des entreprises, des collectivités, des quartiers et des territoires.","potentialAction":[{"@type":"SearchAction","target":{"@type":"EntryPoint","urlTemplate":"https:\/\/mobilidee.ch\/en\/?s={search_term_string}"},"query-input":{"@type":"PropertyValueSpecification","valueRequired":true,"valueName":"search_term_string"}}],"inLanguage":"en-US"}]}</script>
<!-- / Yoast SEO plugin. -->

Mobilidée | Who are we?

Mobilidée

Nous améliorons les expériences de mobilité au sein des entreprises, des collectivités, des quartiers et des territoires.
