{"id":36219,"date":"2022-12-20T18:23:36","date_gmt":"2022-12-20T17:23:36","guid":{"rendered":"https:\/\/mobilidee.ch\/work-at-mobilidee\/"},"modified":"2023-08-07T15:42:38","modified_gmt":"2023-08-07T13:42:38","slug":"work-at-mobilidee","status":"publish","type":"page","link":"https:\/\/mobilidee.ch\/en\/work-at-mobilidee\/","title":{"rendered":"Work at mobilid\u00e9e"},"content":{"rendered":"<h2>Work with us<\/h2>\n<p>By bike, scooter or on foot, join the mobilid\u00e9e team to enhance your skills and share your field experience! Carsharing allowed.<\/p>\n<p>Find out more about our CSR vision and commitments.<\/p>\n","protected":false},"excerpt":{"rendered":"<p>Work with us By bike, scooter or on foot, join the mobilid\u00e9e team to enhance your skills and share your field experience! Carsharing allowed. Find out more about our CSR vision and commitments.<\/p>\n","protected":false},"author":17,"featured_media":0,"parent":0,"menu_order":0,"comment_status":"closed","ping_status":"closed","template":"page-travailler-chez-mobilidee.php","meta":{"_acf_changed":false,"inline_featured_image":false,"footnotes":""},"class_list":["post-36219","page","type-page","status-publish","hentry"],"acf":[],"yoast_head":"<!-- This site is optimized with the Yoast SEO plugin v27.4 - https:\/\/yoast.com\/product\/yoast-seo-wordpress\/ -->\n<title>Mobilid\u00e9e | Join our team<\/title>\n<meta name=\"description\" content=\"By bike, scooter or on foot, join the mobilid\u00e9e team to enhance your skills and share your field experience!\" \/>\n<meta name=\"robots\" content=\"index, follow, max-snippet:-1, max-image-preview:large, max-video-preview:-1\" \/>\n<link rel=\"canonical\" href=\"https:\/\/mobilidee.ch\/en\/work-at-mobilidee\/\" \/>\n<meta property=\"og:locale\" content=\"en_US\" \/>\n<meta property=\"og:type\" content=\"article\" \/>\n<meta property=\"og:title\" content=\"Mobilid\u00e9e | Join our team\" \/>\n<meta property=\"og:description\" content=\"By bike, scooter or on foot, join the mobilid\u00e9e team to enhance your skills and share your field experience!\" \/>\n<meta property=\"og:url\" content=\"https:\/\/mobilidee.ch\/en\/work-at-mobilidee\/\" \/>\n<meta property=\"og:site_name\" content=\"Mobilid\u00e9e\" \/>\n<meta property=\"article:modified_time\" content=\"2023-08-07T13:42:38+00:00\" \/>\n<meta name=\"twitter:card\" content=\"summary_large_image\" \/>\n<meta name=\"twitter:label1\" content=\"Est. reading time\" \/>\n\t<meta name=\"twitter:data1\" content=\"1 minute\" \/>\n<script type=\"application\/ld+json\" class=\"yoast-schema-graph\">{\"@context\":\"https:\\\/\\\/schema.org\",\"@graph\":[{\"@type\":\"WebPage\",\"@id\":\"https:\\\/\\\/mobilidee.ch\\\/en\\\/work-at-mobilidee\\\/\",\"url\":\"https:\\\/\\\/mobilidee.ch\\\/en\\\/work-at-mobilidee\\\/\",\"name\":\"Mobilid\u00e9e | Join our team\",\"isPartOf\":{\"@id\":\"https:\\\/\\\/mobilidee.ch\\\/en\\\/#website\"},\"datePublished\":\"2022-12-20T17:23:36+00:00\",\"dateModified\":\"2023-08-07T13:42:38+00:00\",\"description\":\"By bike, scooter or on foot, join the mobilid\u00e9e team to enhance your skills and share your field experience!\",\"breadcrumb\":{\"@id\":\"https:\\\/\\\/mobilidee.ch\\\/en\\\/work-at-mobilidee\\\/#breadcrumb\"},\"inLanguage\":\"en-US\",\"potentialAction\":[{\"@type\":\"ReadAction\",\"target\":[\"https:\\\/\\\/mobilidee.ch\\\/en\\\/work-at-mobilidee\\\/\"]}]},{\"@type\":\"BreadcrumbList\",\"@id\":\"https:\\\/\\\/mobilidee.ch\\\/en\\\/work-at-mobilidee\\\/#breadcrumb\",\"itemListElement\":[{\"@type\":\"ListItem\",\"position\":1,\"name\":\"Accueil\",\"item\":\"https:\\\/\\\/mobilidee.ch\\\/en\\\/\"},{\"@type\":\"ListItem\",\"position\":2,\"name\":\"Work at mobilid\u00e9e\"}]},{\"@type\":\"WebSite\",\"@id\":\"https:\\\/\\\/mobilidee.ch\\\/en\\\/#website\",\"url\":\"https:\\\/\\\/mobilidee.ch\\\/en\\\/\",\"name\":\"Mobilid\u00e9e\",\"description\":\"Nous am\u00e9liorons les exp\u00e9riences de mobilit\u00e9 au sein des entreprises, des collectivit\u00e9s, des quartiers et des territoires.\",\"potentialAction\":[{\"@type\":\"SearchAction\",\"target\":{\"@type\":\"EntryPoint\",\"urlTemplate\":\"https:\\\/\\\/mobilidee.ch\\\/en\\\/?s={search_term_string}\"},\"query-input\":{\"@type\":\"PropertyValueSpecification\",\"valueRequired\":true,\"valueName\":\"search_term_string\"}}],\"inLanguage\":\"en-US\"}]}<\/script>\n<!-- \/ Yoast SEO plugin. -->","yoast_head_json":{"title":"Mobilid\u00e9e | Join our team","description":"By bike, scooter or on foot, join the mobilid\u00e9e team to enhance your skills and share your field experience!","robots":{"index":"index","follow":"follow","max-snippet":"max-snippet:-1","max-image-preview":"max-image-preview:large","max-video-preview":"max-video-preview:-1"},"canonical":"https:\/\/mobilidee.ch\/en\/work-at-mobilidee\/","og_locale":"en_US","og_type":"article","og_title":"Mobilid\u00e9e | Join our team","og_description":"By bike, scooter or on foot, join the mobilid\u00e9e team to enhance your skills and share your field experience!","og_url":"https:\/\/mobilidee.ch\/en\/work-at-mobilidee\/","og_site_name":"Mobilid\u00e9e","article_modified_time":"2023-08-07T13:42:38+00:00","twitter_card":"summary_large_image","twitter_misc":{"Est. reading time":"1 minute"},"schema":{"@context":"https:\/\/schema.org","@graph":[{"@type":"WebPage","@id":"https:\/\/mobilidee.ch\/en\/work-at-mobilidee\/","url":"https:\/\/mobilidee.ch\/en\/work-at-mobilidee\/","name":"Mobilid\u00e9e | Join our team","isPartOf":{"@id":"https:\/\/mobilidee.ch\/en\/#website"},"datePublished":"2022-12-20T17:23:36+00:00","dateModified":"2023-08-07T13:42:38+00:00","description":"By bike, scooter or on foot, join the mobilid\u00e9e team to enhance your skills and share your field experience!","breadcrumb":{"@id":"https:\/\/mobilidee.ch\/en\/work-at-mobilidee\/#breadcrumb"},"inLanguage":"en-US","potentialAction":[{"@type":"ReadAction","target":["https:\/\/mobilidee.ch\/en\/work-at-mobilidee\/"]}]},{"@type":"BreadcrumbList","@id":"https:\/\/mobilidee.ch\/en\/work-at-mobilidee\/#breadcrumb","itemListElement":[{"@type":"ListItem","position":1,"name":"Accueil","item":"https:\/\/mobilidee.ch\/en\/"},{"@type":"ListItem","position":2,"name":"Work at mobilid\u00e9e"}]},{"@type":"WebSite","@id":"https:\/\/mobilidee.ch\/en\/#website","url":"https:\/\/mobilidee.ch\/en\/","name":"Mobilid\u00e9e","description":"Nous am\u00e9liorons les exp\u00e9riences de mobilit\u00e9 au sein des entreprises, des collectivit\u00e9s, des quartiers et des territoires.","potentialAction":[{"@type":"SearchAction","target":{"@type":"EntryPoint","urlTemplate":"https:\/\/mobilidee.ch\/en\/?s={search_term_string}"},"query-input":{"@type":"PropertyValueSpecification","valueRequired":true,"valueName":"search_term_string"}}],"inLanguage":"en-US"}]}},"_links":{"self":[{"href":"https:\/\/mobilidee.ch\/en\/wp-json\/wp\/v2\/pages\/36219","targetHints":{"allow":["GET"]}}],"collection":[{"href":"https:\/\/mobilidee.ch\/en\/wp-json\/wp\/v2\/pages"}],"about":[{"href":"https:\/\/mobilidee.ch\/en\/wp-json\/wp\/v2\/types\/page"}],"author":[{"embeddable":true,"href":"https:\/\/mobilidee.ch\/en\/wp-json\/wp\/v2\/users\/17"}],"replies":[{"embeddable":true,"href":"https:\/\/mobilidee.ch\/en\/wp-json\/wp\/v2\/comments?post=36219"}],"version-history":[{"count":1,"href":"https:\/\/mobilidee.ch\/en\/wp-json\/wp\/v2\/pages\/36219\/revisions"}],"predecessor-version":[{"id":37727,"href":"https:\/\/mobilidee.ch\/en\/wp-json\/wp\/v2\/pages\/36219\/revisions\/37727"}],"wp:attachment":[{"href":"https:\/\/mobilidee.ch\/en\/wp-json\/wp\/v2\/media?parent=36219"}],"curies":[{"name":"wp","href":"https:\/\/api.w.org\/{rel}","templated":true}]}}

Work at mobilidée

<h2>Work with us</h2>
<p>By bike, scooter or on foot, join the mobilidée team to enhance your skills and share your field experience! Carsharing allowed.</p>
<p>Find out more about our CSR vision and commitments.</p>

<p>Work with us By bike, scooter or on foot, join the mobilidée team to enhance your skills and share your field experience! Carsharing allowed. Find out more about our CSR vision and commitments.</p>

<!-- This site is optimized with the Yoast SEO plugin v27.4 - https://yoast.com/product/yoast-seo-wordpress/ -->
<title>Mobilidée | Join our team</title>
<meta name="description" content="By bike, scooter or on foot, join the mobilidée team to enhance your skills and share your field experience!" />
<meta name="robots" content="index, follow, max-snippet:-1, max-image-preview:large, max-video-preview:-1" />
<link rel="canonical" href="https://mobilidee.ch/en/work-at-mobilidee/" />
<meta property="og:locale" content="en_US" />
<meta property="og:type" content="article" />
<meta property="og:title" content="Mobilidée | Join our team" />
<meta property="og:description" content="By bike, scooter or on foot, join the mobilidée team to enhance your skills and share your field experience!" />
<meta property="og:url" content="https://mobilidee.ch/en/work-at-mobilidee/" />
<meta property="og:site_name" content="Mobilidée" />
<meta property="article:modified_time" content="2023-08-07T13:42:38+00:00" />
<meta name="twitter:card" content="summary_large_image" />
<meta name="twitter:label1" content="Est. reading time" />
	<meta name="twitter:data1" content="1 minute" />
<script type="application/ld+json" class="yoast-schema-graph">{"@context":"https:\/\/schema.org","@graph":[{"@type":"WebPage","@id":"https:\/\/mobilidee.ch\/en\/work-at-mobilidee\/","url":"https:\/\/mobilidee.ch\/en\/work-at-mobilidee\/","name":"Mobilidée | Join our team","isPartOf":{"@id":"https:\/\/mobilidee.ch\/en\/#website"},"datePublished":"2022-12-20T17:23:36+00:00","dateModified":"2023-08-07T13:42:38+00:00","description":"By bike, scooter or on foot, join the mobilidée team to enhance your skills and share your field experience!","breadcrumb":{"@id":"https:\/\/mobilidee.ch\/en\/work-at-mobilidee\/#breadcrumb"},"inLanguage":"en-US","potentialAction":[{"@type":"ReadAction","target":["https:\/\/mobilidee.ch\/en\/work-at-mobilidee\/"]}]},{"@type":"BreadcrumbList","@id":"https:\/\/mobilidee.ch\/en\/work-at-mobilidee\/#breadcrumb","itemListElement":[{"@type":"ListItem","position":1,"name":"Accueil","item":"https:\/\/mobilidee.ch\/en\/"},{"@type":"ListItem","position":2,"name":"Work at mobilidée"}]},{"@type":"WebSite","@id":"https:\/\/mobilidee.ch\/en\/#website","url":"https:\/\/mobilidee.ch\/en\/","name":"Mobilidée","description":"Nous améliorons les expériences de mobilité au sein des entreprises, des collectivités, des quartiers et des territoires.","potentialAction":[{"@type":"SearchAction","target":{"@type":"EntryPoint","urlTemplate":"https:\/\/mobilidee.ch\/en\/?s={search_term_string}"},"query-input":{"@type":"PropertyValueSpecification","valueRequired":true,"valueName":"search_term_string"}}],"inLanguage":"en-US"}]}</script>
<!-- / Yoast SEO plugin. -->

Mobilidée | Join our team

By bike, scooter or on foot, join the mobilidée team to enhance your skills and share your field experience!

Mobilidée

Nous améliorons les expériences de mobilité au sein des entreprises, des collectivités, des quartiers et des territoires.
